t of i?
3
Suppose -2*i + 192 = -4*s, s = 5*i - 4*s - 455. What is the units digit of i?
6
Let i be (1 - -1) + 1 + 1. Suppose 0 = c - i*c - 5*m + 42, -4*c = 4*m - 48. Suppose 2*o + q = 13, o + c = 2*o - 2*q. What is the units digit of o?
7
Suppose 3*v + 533 = -4*w, 523 = -3*v - 3*w + 4*w. Let u = -108 - v. Suppose g + 4*t - 25 = 2, 3*t = -5*g + u. What is the units digit of g?
1
Let p(a) = 2*a**2 + 2*a + 1. What is the units digit of p(2)?
3
Suppose 0 = -4*y - 3*q + 31, 4*y - 6 = -q + 3*q. Suppose y*n + 78 = 2*u, 0 = 4*u - 2*n - 60 - 66. What is the tens digit of u?
2
Let y(o) = 0 + 2 - 3*o + 4*o + 2. What is the tens digit of y(7)?
1
Let g(n) = -2*n + 1. Let z be g(-1). Suppose 3*w - 29 = -5*a, 0*a - 3*w + 21 = z*a. What is the units digit of a?
4
What is the units digit of 7 - (-3 - -4 - 1)?
7
Let v(w) = -4*w**3 - 5*w**2 + 3*w - 1. Let o(a) = -a**3. Let i(p) = 5*o(p) - v(p). Suppose -2*x - 6 = -4*x. What is the units digit of i(x)?
0
Suppose 20*g + 94 = 22*g. What is the units digit of g?
7
Suppose -4*l = -4*m + 232, m + m = 5*l + 116. What is the tens digit of m?
5
Suppose -16 = 4*y - 2*y + 2*v, 0 = 2*y + 3*v + 15. Let j = 66 + -45. Let h = y + j. What is the tens digit of h?
1
Let q(k) = k + 2. Let c be q(-6). Let a be (-3 + 6/c)*-2. What is the units digit of (4 - 1)*15/a?
5
Let u(x) be the first derivative of x**4/4 + 2*x**3 + 5*x**2/2 - 3*x - 1. Let r be u(-4). Let v = r - -4. What is the units digit of v?
3
Let b(u) = u**3 - 15*u**2 + 22*u - 15. What is the units digit of b(14)?
7
Let g = 37 + -57. What is the tens digit of (g - (-2 + 2))/(-1)?
2
Let d(f) = f**3 - 5*f**2 + f - 5. Let k be d(5). Suppose k = 4*c - c - 90. What is the tens digit of c?
3
Suppose 0 = u + 4*q - 13, 4*q + 6 + 1 = 3*u. Suppose 4 = -u*j - 6, -5*n = 3*j - 4. Suppose -2 = s + 3*m - 11, -2*s + 14 = n*m. What is the units digit of s?
6
Let f be 2/4 - (-14)/4. Suppose -f*h = 3*v - 139, -7*h = -v - 3*h + 25. What is the tens digit of v?
4
Let h be (0 - 14)/(-7 + 6). Suppose h = 5*l - 51. What is the tens digit of l?
1
Let g = -12 - -4. Let b(d) = -d**3 - 7*d**2 + 7*d - 6. Let p be b(g). Let q = p + -1. What is the units digit of q?
1
Suppose -2*a = -331 + 35. What is the tens digit of a?
4
Let p = 92 + -54. What is the tens digit of p?
3
Let u(j) = -6*j - 3. Let m = 20 - 26. What is the units digit of u(m)?
3
Let k(c) = -2*c - 7. Let z be k(-7). Let v(h) = h**3 - 6*h**2 - 8*h + 6. Let o be v(z). What is the units digit of o + 7*(0 + 1)?
6
Suppose 0 = 2*m - 0*m - 30. What is the units digit of (-6)/3 + (m - 2)?
1
Suppose -3*j + 8*j - 33 = -2*f, -4*j - 2*f = -28. What is the units digit of j?
5
Suppose -y = -3*n + 196, -7 + 2 = 5*y. What is the tens digit of n?
6
Let z(c) = -13*c + 14. What is the tens digit of z(-3)?
5
Let j(f) be the first derivative of f - 1 + f**2 + 11/3*f**3. What is the tens digit of j(-1)?
1
Let s(g) = -g**3 + 8*g**2 + 9*g + 8. Let w be s(9). Suppose -4 - w = -2*z. What is the units digit of z?
6
Let v(p) be the second derivative of p**3/6 - 2*p**2 + 2*p. Let s be v(7). What is the units digit of s*(-3)/((-18)/4)?
2
Let t = -6 + 11. Suppose -j + 3*w = -20, t*j + 3*w = -2*w. Suppose j*k - 46 = -4*z, 3*k = -2*z + z + 8. What is the tens digit of z?
1
Let h = 5 + -9. Let b(a) = -4*a**3 - 9*a**2 - 6*a - 5. Let c(j) = -j**3 - j**2 - 1. Let m(l) = -b(l) + 3*c(l). What is the units digit of m(h)?
0
What is the tens digit of (-4)/(-18) - 1446/(-54)?
2
Let a = 41 - 36. What is the units digit of a?
5
Let w(x) = x**2 - 2*x + 138. What is the tens digit of w(0)?
3
What is the units digit of (-1556)/(-8) + (-4)/(-8)?
5
Let a be (-6)/9 + (-159)/(-9). Suppose 5*j = a - 2. Suppose -28 = -5*w - 2*s - 4, 33 = 4*w - j*s. What is the units digit of w?
6
Suppose 0 = -x + 3*o + 182, 5*o = -3*x - 0*o + 476. What is the units digit of x?
7
Let x(j) = j**2 + 6*j - 5. Let z be x(-7). Suppose z*c = -0*c + 2. What is the units digit of c?
1
Suppose -3*l - 5*r - 10 = -r, l + 2*r + 6 = 0. Let y be (1 + -1)/(l/(-1)). Suppose 21 = 3*t + 4*z - 3*z, 5*t + 4*z - 42 = y. What is the units digit of t?
6
Suppose -5*d = 2*a - d + 16, -12 = 5*a - 4*d. What is the tens digit of 8*(-2)/a - -37?
4
What is the hundreds digit of (-3)/15 - 4655/(-25)?
1
Let z(q) = q**2 - 5*q + 4. Let y be z(3). Let v be y/(-4) + 9/(-6). What is the units digit of (1 - 0)/v*-3?
3
Let a(g) = -g**2 + 9*g. Let m be a(7). What is the units digit of m/5*(-20)/(-8)?
7
Let p = 1 - 4. Let x = 3 + p. What is the units digit of (x - 1) + (5 - -1)?
5
Let a(x) = x**2 - 6*x - 4. Let s = -27 - -67. Let q be (-12)/(-10)*s/6. What is the units digit of a(q)?
2
Let a(b) = 2*b**2 - b - 3. What is the units digit of a(3)?
2
Let i be 4/(-6) + (-100)/12. Let q = i - -15. What is the units digit of q?
6
Let x(f) = -26*f - 53. What is the units digit of x(-15)?
7
Suppose 4*c - 3*n = 11, 6 = -n + 5. Suppose 0 = -c*f + 12. What is the units digit of f?
6
Suppose 4*c = 4*m + 4, 18 = 3*c - 5*c - 3*m. What is the units digit of (-1 - c) + -4 + 43?
1
Let w = 110 - 54. What is the tens digit of w?
5
Let u be ((-3)/5)/((-1)/10). Suppose 4*d - u = -k - 0, 4*k - 4*d = 4. What is the units digit of k?
2
Suppose -4*i - 88 = -4*v, 5*i - 4*i + 5*v + 10 = 0. Let u = i + 34. What is the units digit of u?
4
Let t(o) = -6*o + 7. Let x be t(-6). Let n = x + -31. What is the units digit of n?
2
Let h be (-2)/3 + 45/27. What is the tens digit of 14 + (-1 - (h - 1))?
1
Let i = -22 + 37. Suppose k - i = 35. What is the units digit of k?
0
Let h(u) be the third derivative of u**4/24 + 5*u**3/3 - 2*u**2. Let a be h(-6). Let p(w) = w**3 - 4*w**2 - w + 5. What is the units digit of p(a)?
1
Suppose 0 = 4*a + 3*y - 128, y - 5 = 5*a - 146. What is the units digit of a?
9
Suppose -3*j + 10 + 2 = 0, 2*w - 2*j = -8. Suppose -4*b = -w*b - 124. What is the units digit of b?
1
Let l(z) = 2*z**2 - z + 7. What is the tens digit of l(-3)?
2
Suppose 195 = 5*b + 5*i, -154 - 9 = -5*b + 3*i. Let q be 244/36 + (-4)/(-18). What is the tens digit of 110/q + 10/b?
1
Suppose 20 = 5*q, 0*j + 4 = -2*j + 5*q. Suppose -5*z + 4*z + j = 0. What is the units digit of z?
8
Suppose -2*w + 60 = -2*z, 6 - 146 = -5*w + 3*z. What is the tens digit of w?
2
Let j(d) = d**2 + 3*d - 4. Let m be j(-5). Suppose 2*l - 8 = -h - l, -m = -5*h + 2*l. Let r(w) = w - 1. What is the units digit of r(h)?
1
Let r be 1 - (2 - (0 - 5)). What is the units digit of r/(-4)*50/15?
5
Let t be (-19 + 1)*(-15)/(-10). Let x = -3 - t. What is the units digit of x?
4
Let y = 16 + -5. Suppose 5*s + 39 + y = 0. What is the tens digit of (4 - s) + -1*2?
1
Suppose 2*h + 2*j = 42, 0 = -h + j + j + 9. What is the units digit of h?
7
Let v = 76 + -41. Suppose 2*w - w + i - v = 0, 137 = 4*w + 5*i. What is the units digit of w?
8
Suppose 0*f = 5*f - 170. What is the units digit of f?
4
Let q(l) = -l**3 - 8*l**2 + 30*l - 15. What is the units digit of q(-11)?
8
Suppose 84 - 6 = 3*s. What is the tens digit of s?
2
Suppose 151 = 5*c - 194. What is the units digit of c?
9
Let y(h) = 18*h**2 - h - 1. Let c be y(-1). Let u = c - 11. What is the units digit of u?
7
Let u be 48/(-20)*15/2. Let r be (u/(-5))/(2/10). Let d = r + -11. What is the units digit of d?
7
Let k = -97 - -17. Let d be k/4*1/2. Let m = -6 - d. What is the units digit of m?
4
Let g(r) = -r**3 + 12*r**2 - 12*r + 15. What is the units digit of g(11)?
4
Suppose g = -5*v + 6*g + 25, -11 = -2*v + 3*g. What is the units digit of v?
4
Let o = 84 - 60. Let j = -13 + o. Suppose -3*h = -2*h - j. What is the tens digit of h?
1
Let v(z) = z**3 - 7*z**2 - 7*z - 3. Let n be v(8). Suppose 104 + 1 = n*j. What is the tens digit of j?
2
Let z = 25 - 17. Suppose -5*i - 3 = -z. What is the units digit of i?
1
Let w = 28 + -19. Let o be 4 + -4 + -2 - -1. Let s = w + o. What is the units digit of s?
8
Let j be 3*((-8)/3 + 0). Let u = j + 19. What is the units digit of u?
1
Let j(v) = v**2 + v - 2*v + 2 + 0 - v. What is the units digit of j(-4)?
6
Suppose 2*n - 6 = 0, -2*o = 2*o - n - 13. What is the units digit of o?
4
Let h = -38 - -54. Suppose 0*o - 4 = -2*o - 4*n, n - h = -3*o. What is the units digit of o?
6
Let x(i) = -i - 10. Let g(u) = -u**2 + 2*u - 1. Let y be g(1). Let m be x(y). What is the units digit of (40/25)/((-2)/m)?
8
Let n(u) = 2*u**2 - 3*u + 2. Let b be n(6). Le